{"id":420,"date":"2022-09-09T11:23:00","date_gmt":"2022-09-09T11:23:00","guid":{"rendered":"https:\/\/www.aicp.pt\/aicp\/?page_id=420"},"modified":"2022-09-13T15:10:32","modified_gmt":"2022-09-13T15:10:32","slug":"missao-visao-e-valores","status":"publish","type":"page","link":"https:\/\/www.aicp.pt\/aicp\/?page_id=420","title":{"rendered":"Miss\u00e3o Vis\u00e3o e Valores"},"content":{"rendered":"<p>[et_pb_section fb_built=&#8221;1&#8243; fullwidth=&#8221;on&#8221; _builder_version=&#8221;4.16&#8243; locked=&#8221;off&#8221; global_colors_info=&#8221;{}&#8221;][et_pb_fullwidth_header title=&#8221;Miss\u00e3o Vis\u00e3o e Valores&#8221; _builder_version=&#8221;4.18.0&#8243; background_color=&#8221;#ffffff&#8221; background_image=&#8221;https:\/\/www.aicp.pt\/aicp\/wp-content\/uploads\/2022\/09\/sl3.jpg&#8221; custom_padding=&#8221;||220px|||&#8221; hover_enabled=&#8221;0&#8243; global_colors_info=&#8221;{}&#8221; use_background_color_gradient=&#8221;on&#8221; background_color_gradient_stops=&#8221;#0a58a4 0%|rgba(118,159,193,0.33) 100%&#8221; background_color_gradient_direction=&#8221;146deg&#8221; background_color_gradient_overlays_image=&#8221;on&#8221; sticky_enabled=&#8221;0&#8243;][\/et_pb_fullwidth_header][\/et_pb_section][et_pb_section fb_built=&#8221;1&#8243; admin_label=&#8221;section&#8221; _builder_version=&#8221;4.16&#8243; transparent_background=&#8221;off&#8221; global_colors_info=&#8221;{}&#8221;][et_pb_row column_structure=&#8221;1_3,1_3,1_3&#8243; _builder_version=&#8221;4.18.0&#8243; _module_preset=&#8221;default&#8221; global_colors_info=&#8221;{}&#8221;][et_pb_column type=&#8221;1_3&#8243; _builder_version=&#8221;4.18.0&#8243; _module_preset=&#8221;default&#8221; global_colors_info=&#8221;{}&#8221;][et_pb_text _builder_version=&#8221;4.18.0&#8243; _module_preset=&#8221;default&#8221; global_colors_info=&#8221;{}&#8221;]<\/p>\n<h1 style=\"text-align: justify;\">Vis\u00e3o<\/h1>\n<p style=\"text-align: justify;\">Ser uma institui\u00e7\u00e3o essencial no desenvolvimento econ\u00f3mico do concelho de Pombal<\/p>\n<p>[\/et_pb_text][\/et_pb_column][et_pb_column type=&#8221;1_3&#8243; _builder_version=&#8221;4.18.0&#8243; _module_preset=&#8221;default&#8221; global_colors_info=&#8221;{}&#8221;][et_pb_text _builder_version=&#8221;4.18.0&#8243; _module_preset=&#8221;default&#8221; global_colors_info=&#8221;{}&#8221;]<\/p>\n<h1 style=\"text-align: justify;\">Miss\u00e3o<\/h1>\n<p style=\"text-align: justify;\">Promover o desenvolvimento econ\u00f3mico, o empreendedorismo e a inova\u00e7\u00e3o e prestar servi\u00e7os aos seus associados, de forma a facilitar a gest\u00e3o empresarial<\/p>\n<p>[\/et_pb_text][\/et_pb_column][et_pb_column type=&#8221;1_3&#8243; _builder_version=&#8221;4.18.0&#8243; _module_preset=&#8221;default&#8221; global_colors_info=&#8221;{}&#8221;][et_pb_text _builder_version=&#8221;4.18.0&#8243; _module_preset=&#8221;default&#8221; global_colors_info=&#8221;{}&#8221;]<\/p>\n<h1 style=\"text-align: justify;\">Valores<\/h1>\n<p style=\"text-align: justify;\">Promover a empreendedorismo<\/p>\n<p style=\"text-align: justify;\">Estimular a inova\u00e7\u00e3o nas empresas<\/p>\n<p style=\"text-align: justify;\">Fomentar o desenvolvimento econ\u00f3mico do concelho de Pombal<\/p>\n<p style=\"text-align: justify;\">Aumentar a proximidade entre empresas e cidad\u00e3os<\/p>\n<p style=\"text-align: justify;\">Defender os interesses dos associados<\/p>\n<p>[\/et_pb_text][\/et_pb_column][\/et_pb_row][\/et_pb_section]<\/p>\n","protected":false},"excerpt":{"rendered":"<p>Vis\u00e3o Ser uma institui\u00e7\u00e3o essencial no desenvolvimento econ\u00f3mico do concelho de PombalMiss\u00e3o Promover o desenvolvimento econ\u00f3mico, o empreendedorismo e a inova\u00e7\u00e3o e prestar servi\u00e7os aos seus associados, de forma a facilitar a gest\u00e3o empresarialValores Promover a empreendedorismo Estimular a inova\u00e7\u00e3o nas empresas Fomentar o desenvolvimento econ\u00f3mico do concelho de Pombal Aumentar a proximidade entre empresas [&hellip;]<\/p>\n","protected":false},"author":2,"featured_media":0,"parent":0,"menu_order":0,"comment_status":"closed","ping_status":"closed","template":"","meta":{"_et_pb_use_builder":"on","_et_pb_old_content":"","_et_gb_content_width":"","footnotes":""},"class_list":["post-420","page","type-page","status-publish","hentry"],"_links":{"self":[{"href":"https:\/\/www.aicp.pt\/aicp\/index.php?rest_route=\/wp\/v2\/pages\/420","targetHints":{"allow":["GET"]}}],"collection":[{"href":"https:\/\/www.aicp.pt\/aicp\/index.php?rest_route=\/wp\/v2\/pages"}],"about":[{"href":"https:\/\/www.aicp.pt\/aicp\/index.php?rest_route=\/wp\/v2\/types\/page"}],"author":[{"embeddable":true,"href":"https:\/\/www.aicp.pt\/aicp\/index.php?rest_route=\/wp\/v2\/users\/2"}],"replies":[{"embeddable":true,"href":"https:\/\/www.aicp.pt\/aicp\/index.php?rest_route=%2Fwp%2Fv2%2Fcomments&post=420"}],"version-history":[{"count":7,"href":"https:\/\/www.aicp.pt\/aicp\/index.php?rest_route=\/wp\/v2\/pages\/420\/revisions"}],"predecessor-version":[{"id":644,"href":"https:\/\/www.aicp.pt\/aicp\/index.php?rest_route=\/wp\/v2\/pages\/420\/revisions\/644"}],"wp:attachment":[{"href":"https:\/\/www.aicp.pt\/aicp\/index.php?rest_route=%2Fwp%2Fv2%2Fmedia&parent=420"}],"curies":[{"name":"wp","href":"https:\/\/api.w.org\/{rel}","templated":true}]}}