{"id":428,"date":"2022-09-09T11:27:58","date_gmt":"2022-09-09T11:27:58","guid":{"rendered":"https:\/\/www.aicp.pt\/aicp\/?page_id=428"},"modified":"2022-09-13T15:12:02","modified_gmt":"2022-09-13T15:12:02","slug":"historial","status":"publish","type":"page","link":"https:\/\/www.aicp.pt\/aicp\/?page_id=428","title":{"rendered":"Historial"},"content":{"rendered":"<p>[et_pb_section fb_built=&#8221;1&#8243; fullwidth=&#8221;on&#8221; _builder_version=&#8221;4.16&#8243; locked=&#8221;off&#8221; global_colors_info=&#8221;{}&#8221;][et_pb_fullwidth_header title=&#8221;Historial&#8221; _builder_version=&#8221;4.18.0&#8243; background_color=&#8221;#ffffff&#8221; background_image=&#8221;https:\/\/www.aicp.pt\/aicp\/wp-content\/uploads\/2022\/09\/sl2.jpg&#8221; custom_padding=&#8221;||220px|||&#8221; hover_enabled=&#8221;0&#8243; global_colors_info=&#8221;{}&#8221; use_background_color_gradient=&#8221;on&#8221; background_color_gradient_stops=&#8221;#0a58a4 0%|rgba(118,159,193,0.33) 100%&#8221; background_color_gradient_direction=&#8221;146deg&#8221; background_color_gradient_overlays_image=&#8221;on&#8221; sticky_enabled=&#8221;0&#8243;][\/et_pb_fullwidth_header][\/et_pb_section][et_pb_section fb_built=&#8221;1&#8243; admin_label=&#8221;section&#8221; _builder_version=&#8221;4.16&#8243; transparent_background=&#8221;off&#8221; global_colors_info=&#8221;{}&#8221;][et_pb_row _builder_version=&#8221;4.18.0&#8243; _module_preset=&#8221;default&#8221; global_colors_info=&#8221;{}&#8221;][et_pb_column type=&#8221;4_4&#8243; _builder_version=&#8221;4.18.0&#8243; _module_preset=&#8221;default&#8221; global_colors_info=&#8221;{}&#8221;][et_pb_text _builder_version=&#8221;4.18.0&#8243; _module_preset=&#8221;default&#8221; global_colors_info=&#8221;{}&#8221;]<\/p>\n<p style=\"text-align: justify;\">A AICP &#8211; Associa\u00e7\u00e3o de Industriais do concelho de Pombal, criada em 25 de Outubro de 1983, \u00e9 uma institui\u00e7\u00e3o sem fins lucrativos e com \u00e2mbito de atua\u00e7\u00e3o regional. Abrange os industriais do Concelho de Pombal, das diversas atividades relacionadas com o setor industrial, que adiram voluntariamente \u00e0 Associa\u00e7\u00e3o.<\/p>\n<p style=\"text-align: justify;\">A presta\u00e7\u00e3o de um apoio efetivo e de qualidade aos seus associados, levou a AICP \u00e0 cria\u00e7\u00e3o de instala\u00e7\u00f5es adequadas, o que se veio a concretizar com a constru\u00e7\u00e3o do Centro de Apoio \u00e0 Ind\u00fastria, localizado no Parque Industrial Manuel da Mota.<\/p>\n<p style=\"text-align: justify;\">Mais recentemente, a AICP criou, com apoio do IEFP, o Gabinete de Inser\u00e7\u00e3o Profissional (GIP), que visa apoiar a popula\u00e7\u00e3o desempregada, jovens ou adultos, na defini\u00e7\u00e3o ou desenvolvimento do seu percurso de inser\u00e7\u00e3o ou reinser\u00e7\u00e3o no mercado de trabalho.<\/p>\n<p style=\"text-align: justify;\">Foi tamb\u00e9m fundado o Centro Novas Oportunidades da AICP (CNO-AICP) com o objetivo de proporcionar a todos os cidad\u00e3os maiores de 18 anos a possibilidade de elevar o n\u00edvel de qualifica\u00e7\u00e3o escolar, de n\u00edvel b\u00e1sico, secund\u00e1rio e profissional, respeitando e valorizando o seu perfil individual numa perspetiva de aprendizagem ao longo da vida e de empregabilidade ativa.<\/p>\n<p style=\"text-align: justify;\">O CNO viria, posteriormente, a ser extinto e \u00e9 criado o Centro para a Qualifica\u00e7\u00e3o e o Ensino Profissional (CQEP) da AICP e desde 2017 passou a chamar-se Centro Qualifica da AICP, que visa contribuir para o aumento da qualifica\u00e7\u00e3o da popula\u00e7\u00e3o atrav\u00e9s de a\u00e7\u00f5es de informa\u00e7\u00e3o, orienta\u00e7\u00e3o e encaminhamento.<\/p>\n<p style=\"text-align: justify;\">Em 2015, a AICP assume uma aposta forte na \u00e1rea do empreendedorismo, com um conjunto de iniciativas, entre as quais se destaca a cria\u00e7\u00e3o do concurso de ideias e da incubadora de empresas.<\/p>\n<p>[\/et_pb_text][\/et_pb_column][\/et_pb_row][\/et_pb_section]<\/p>\n","protected":false},"excerpt":{"rendered":"<p>A AICP &#8211; Associa\u00e7\u00e3o de Industriais do concelho de Pombal, criada em 25 de Outubro de 1983, \u00e9 uma institui\u00e7\u00e3o sem fins lucrativos e com \u00e2mbito de atua\u00e7\u00e3o regional. Abrange os industriais do Concelho de Pombal, das diversas atividades relacionadas com o setor industrial, que adiram voluntariamente \u00e0 Associa\u00e7\u00e3o. A presta\u00e7\u00e3o de um apoio efetivo [&hellip;]<\/p>\n","protected":false},"author":2,"featured_media":0,"parent":0,"menu_order":0,"comment_status":"closed","ping_status":"closed","template":"","meta":{"_et_pb_use_builder":"on","_et_pb_old_content":"","_et_gb_content_width":"","footnotes":""},"class_list":["post-428","page","type-page","status-publish","hentry"],"_links":{"self":[{"href":"https:\/\/www.aicp.pt\/aicp\/index.php?rest_route=\/wp\/v2\/pages\/428","targetHints":{"allow":["GET"]}}],"collection":[{"href":"https:\/\/www.aicp.pt\/aicp\/index.php?rest_route=\/wp\/v2\/pages"}],"about":[{"href":"https:\/\/www.aicp.pt\/aicp\/index.php?rest_route=\/wp\/v2\/types\/page"}],"author":[{"embeddable":true,"href":"https:\/\/www.aicp.pt\/aicp\/index.php?rest_route=\/wp\/v2\/users\/2"}],"replies":[{"embeddable":true,"href":"https:\/\/www.aicp.pt\/aicp\/index.php?rest_route=%2Fwp%2Fv2%2Fcomments&post=428"}],"version-history":[{"count":5,"href":"https:\/\/www.aicp.pt\/aicp\/index.php?rest_route=\/wp\/v2\/pages\/428\/revisions"}],"predecessor-version":[{"id":647,"href":"https:\/\/www.aicp.pt\/aicp\/index.php?rest_route=\/wp\/v2\/pages\/428\/revisions\/647"}],"wp:attachment":[{"href":"https:\/\/www.aicp.pt\/aicp\/index.php?rest_route=%2Fwp%2Fv2%2Fmedia&parent=428"}],"curies":[{"name":"wp","href":"https:\/\/api.w.org\/{rel}","templated":true}]}}